vided by (2/4)/1*f.
10
Let s(x) = -x - 1. Let f(c) = 5*c + 4. Let p(q) = -5*f(q) - 20*s(q). What is the remainder when 28 is divided by p(-2)?
8
Let i(s) = 26*s**3 - 2*s - 1. Let k be i(-1). Suppose 9 = -t - 5*x, 2*t - 2*x = 2*x - 32. Let l = t - k. Calculate the remainder when l is divided by 3.
2
Calculate the remainder when 24/(-84) - ((-44)/7 - -3) is divided by (6/4)/(1/2).
0
Suppose 5*k - v - 117 = 0, 3*k + 4*v - 2*v = 65. Let m be 2/(-4) + (-62)/4. Let w = m + 24. What is the remainder when k is divided by w?
7
Suppose -4*z + 280 = z. Calculate the remainder when z is divided by 12.
8
Suppose -3*l + 38 + 22 = 0. Calculate the remainder when 78 is divided by l.
18
Suppose -y = 2*r - 2, 4*y = r + 2*r + 30. Calculate the remainder when y/(57/14 - 4) is divided by 29.
26
What is the remainder when 21 is divided by 464/40 - (-4)/10?
9
Let s be 1*-2 + 3 + -7. Let n be ((-4)/(-6))/(4/s). Let t = 15 - n. What is the remainder when t is divided by 9?
7
Let m be 40/(-18) + 14/63. What is the remainder when 24 is divided by (-2)/3*39/m?
11
Let i = 9 - -9. Let j(d) = 70*d**3 - d**2 + d - 1. Calculate the remainder when j(1) is divided by i.
15
Let f(h) = 13*h. Let u be (3 - 6)*2/(-6). Calculate the remainder when f(u) is divided by (1 - 0)*(2 + 2).
1
Let o = 159 - 37. What is the remainder when o is divided by 25?
22
Let x(h) = 3*h - 6. Let l = 0 + 3. Suppose l*y = -5*v + 27, 5*v = -2 + 17. Calculate the remainder when x(4) is divided by y.
2
Let w(k) = k**2 + 8*k + 7. Let t be w(-7). What is the remainder when 19 is divided by 11 + (-2 + 1 - t)?
9
Let b be ((-165)/12 - -2)*4. Let v = 18 + b. Let l = 41 + v. Calculate the remainder when 35 is divided by l.
11
Suppose -m = -10 - 4. Calculate the remainder when 53 is divided by m.
11
Let b(g) = -7*g + 2. Let m be b(-3). Let d = -4 + m. Calculate the remainder when d is divided by 4/((-48)/(-14))*6.
5
Suppose -27 = -14*y + 85. Let j(b) = -b**3 + 6*b**2 + 7*b + 5. What is the remainder when j(6) is divided by y?
7
Let a(h) = h**3 + 6*h**2 - 7*h - 3. Let x(l) = 2*l + 1. Let k be x(-4). Let g be a(k). What is the remainder when 31 is divided by g/2 - (-19)/2?
7
Suppose -3*j = -7*j + 112. Suppose -2*s + q - 5 = -4*q, -2*s - 9 = -q. Let g = s - -20. What is the remainder when j is divided by g?
13
Let w be -5*(2 + (-26)/10). Suppose -w*g - 102 = -2*d - 24, -33 = -d + 3*g. Calculate the remainder when d is divided by 12.
9
Let z be 0 - (-18 - -2*1). Suppose -z - 40 = -4*g - 2*v, 0 = 4*g + 4*v - 48. Calculate the remainder when g is divided by 6*((-28)/(-8) - 2).
7
Let v(g) = g**3 - 6*g**2 - 3*g - 10. Suppose -3*o = -13 - 197. Calculate the remainder when o is divided by v(7).
16
Suppose 3*i + v = 45, -i - 11 = 3*v - 34. What is the remainder when 724/18 - (-1)/((-36)/8) is divided by i?
12
Suppose 0 = -10*c - c + 671. Calculate the remainder when c is divided by 32.
29
Suppose -2*p + 4*i = -6*p + 400, -465 = -5*p + 2*i. What is the remainder when p is divided by 32?
31
Suppose -5*w + 5 + 0 = 0, -4*v + 2*w + 2 = 0. Let c be 14/2 + v*-2. Let h(u) = u**2 - 5*u + 5. What is the remainder when h(c) is divided by 3?
2
Let j = 16 + -5. What is the remainder when j is divided by 3?
2
Let k(x) = 4*x**2 - 3. Let s = 6 + -3. What is the remainder when k(s) is divided by 18?
15
Let k be (-1 + -5)/(-2)*27. Let a = k + -47. Calculate the remainder when a is divided by 9.
7
Calculate the remainder when 128 is divided by (-3)/(2*(-6)/104).
24
Suppose 0 = -49*c + 52*c - 141. Calculate the remainder when c is divided by (48/10)/(2/10).
23
Suppose 5*o - 4*o + 5*i - 76 = 0, o - 2*i = 48. Calculate the remainder when 166 is divided by o.
54
Let g = -8 + 16. Let i(d) = d**3 - 8*d**2 - d + 10. Let c be i(g). Suppose l = 4*f - c*f - 22, -f = -l - 10. What is the remainder when f is divided by 7?
5
Suppose -31 = -4*x + p + 119, -84 = -2*x + 5*p. Calculate the remainder when x is divided by 19.
18
Suppose 3*l + 3 = 0, p - 7 = -2*l - l. Suppose p = -0*t + 2*t. What is the remainder when t is divided by 2?
1
Let v = -21 + 102. Suppose 8*q - 4*q = -4*i + 80, -2*i = -3*q + 65. What is the remainder when v is divided by q?
18
Let h = 66 - 39. Calculate the remainder when 79 is divided by h.
25
Suppose 2*k = h - 2, -h + 2*h = -2*k - 2. Suppose h = 13*r - 9*r - 244. What is the remainder when r is divided by 21?
19
Let x = 130 + -44. Let g = 2 + -2. Suppose g*o + x = 2*o. Calculate the remainder when o is divided by 15.
13
Let q = -45 + 97. What is the remainder when q is divided by 18?
16
What is the remainder when (-3)/(1*(-1)/11) is divided by 3/((1 - 20/8)/(-9))?
15
Let u(o) = o + 28. What is the remainder when 131 is divided by u(-11)?
12
Suppose -5*m - 5*a = -75, -3*m + 8*m = 2*a + 61. Suppose -3*k - 5 = -5*x + 2*k, 0 = -3*x - 2*k + m. What is the remainder when 74/14 - 4/14 is divided by x?
2
What is the remainder when (-4 + 6/2)*-25 is divided by 14?
11
Calculate the remainder when -3 + (1/(-1) - -51) is divided by 16.
15
Suppose 6*w - w = 0. Suppose -4*v + 8*v - 112 = w. Calculate the remainder when v is divided by 15.
13
Let q(t) = t - 3. Let s be q(4). Let o = s + 21. Calculate the remainder when o is divided by 6.
4
Let j = 26 + -10. Let i be ((-5)/(-3))/((-14)/(-42)). Suppose -i*t + 186 = t. What is the remainder when t is divided by j?
15
Let y be (412/(-6) - -1)*3. Let m = y - -327. Suppose 3*j = -46 + m. Calculate the remainder when j is divided by 14.
12
Suppose -4*b - 26 = -h, -2*b = -2 + 8. Calculate the remainder when 26 is divided by h.
12
Let p = 0 - -5. Suppose p*b + 20 = 0, 0*c - 160 = -4*c + 5*b. Calculate the remainder when c is divided by 12.
11
Let s be -2 + (-2 - -2) + 2. Suppose s = 3*v - 44 - 13. Calculate the remainder when v is divided by 10.
9
Let x = 7 - -2. Let k(i) = 4*i + 21. Calculate the remainder when x is divided by k(-4).
4
Let w(v) = -6*v - 19. What is the remainder when 53 is divided by w(-5)?
9
Suppose 81 = 3*n - p, 3*n + 0*p = -3*p + 93. What is the remainder when 109 is divided by n?
25
Let h = 14 + -13. Suppose 15 = -3*n + 4*q - 6, 0 = 2*n + q + 3. Let z = h - n. What is the remainder when 7 is divided by z?
3
Let k = -16 - -44. Let q be 2 - ((-4)/2 - -1). Suppose q*o + o - 60 = 0. Calculate the remainder when k is divided by o.
13
Let i = 11 + -11. Suppose 2*w + 2 = 5*q, 5*w - 4*q - 6 - 23 = i. Suppose 6 + 11 = r. Calculate the remainder when r is divided by w.
8
Let r = -36 + 49. Calculate the remainder when r is divided by 4.
1
Suppose 87 = 4*w - 85. Calculate the remainder when w is divided by 24.
19
Let j(g) = -g**3 - 3*g**2 - 3*g + 2. Calculate the remainder when j(-5) is divided by 17.
16
Suppose -5*t - 21 = 4*u - 241, 5*u = -2*t + 71. Calculate the remainder when t is divided by 10.
8
Suppose -3*z = r - 52, 2*r + 24 + 25 = 3*z. What is the remainder when (-2)/1 + (-102)/(-3) is divided by z?
15
Let f(t) be the first derivative of t**2/2 - t - 1. Let p be f(4). Suppose 3*x - p*d - 32 = -x, 2*x - 26 = 4*d. Calculate the remainder when 13 is divided by x.
3
Suppose -5*y + 8*y - 63 = 0. Let n = -9 + 17. Calculate the remainder when y is divided by n.
5
Suppose -7*q + 126 = 7*q. What is the remainder when q is divided by 7?
2
Let d = 56 + -29. Let n = d - 14. Suppose -6*t = -3*t - 75. What is the remainder when t is divided by n?
12
Let y(w) = -12*w + 1. Let o be y(-2). What is the remainder when 15 is divided by -2 - (o - 1)/(-3)?
3
Suppose 0*j = -4*j + 80. Suppose -3*v = -0*v + 4*x - 7, -x + 13 = 2*v. Let k = v - -30. What is the remainder when k is divided by j?
19
Let z(l) = 41*l**2 + l + 1. Calculate the remainder when z(-1) is divided by 15 - 3/((-12)/(-16)).
8
Let y be 4 - (-2)/4*-2. Let s(c) = -3*c**3 + 4 + 3*c**3 + c**y + 5*c**2. What is the remainder when s(-5) is divided by 3?
1
Suppose 17*r + 336 = 24*r. What is the remainder when r is divided by 0 + 8 - (-6 - -4)?
8
Suppose 0 = 2*l - 4*n - 2, -l + 4*n - 1 = -0*l. What is the remainder when 4 is divided by l?
1
Suppose m = -g + 2*g - 26, -2*m = -4*g + 94. Let o = -11 + g. Let c(t) = 6*t**2 + 5*t + 5. What is the remainder when c(-2) is divided by o?
9
Suppose 0 = -5*p + f + 21, p + f + 6 = 3*p. Suppose -5*c - p = -0. Let d = 2 - c. What is the remainder when 8 is divided by d?
2
Let h(a) = -a**3 + 6*a**2 + 2*a - 4. Calcul